(f) = -f**3 + 11*f**2 + 125*f + 7. Determine t(-7).
14
Let i(v) = 36*v**2 - 27*v - 5. Determine i(1).
4
Let f(q) = q**3 - 7*q**2 - 27*q. What is f(11)?
187
Let k(b) = 3*b**3 + 16*b**2 - 28*b + 9. What is k(-6)?
105
Let j(u) = -33*u + 210. Calculate j(7).
-21
Let a(v) = -v**3 + 22*v**2 - 20*v + 58. Give a(21).
79
Let y(t) = t**3 - 10*t**2 + 26*t - 48. Determine y(8).
32
Let l(i) = 150*i - 442. Calculate l(2).
-142
Let h(f) = -f**3 - 4*f**2 - 208*f - 626. What is h(-3)?
-11
Let r(y) = -y**2 - 117*y - 1077. What is r(-107)?
-7
Let c(s) = -s**3 + 11*s**2 + 14*s - 23. Calculate c(12).
1
Let u(c) = -11*c**2 + 113*c - 169. Determine u(10).
-139
Let p(y) = -56*y**2 - 11*y + 4. What is p(-1)?
-41
Let z(o) = -1108*o - 6. What is z(0)?
-6
Let v(d) = -582*d + 6326. Give v(11).
-76
Let d(c) = -3*c**3 + 589*c**2 - 1358*c + 4. Give d(194).
4
Let r(c) = -34*c**2 - 383*c - 471. What is r(-10)?
-41
Let c(q) = -1614*q + 190453. Calculate c(118).
1
Let v(y) = -y**2 + 102*y + 1116. Give v(-10).
-4
Let o(d) = 97*d + 335. What is o(-4)?
-53
Let k(g) = -g**3 + 47*g**2 - 29*g - 58. Give k(46).
724
Let g(b) = b**3 + b**2 - 74*b - 26. Calculate g(-9).
-8
Let n(y) = -y**3 - 25*y**2 - 143*y - 12. What is n(-16)?
-28
Let a(o) = -91*o + 238. What is a(3)?
-35
Let a(q) = q**2 + 8*q - 645. What is a(-28)?
-85
Let u(y) = y**3 + 3*y**2 - 25*y - 39. Give u(-5).
36
Let r(b) = b**3 - 14*b**2 - 21*b + 85. What is r(15)?
-5
Let p(i) = 41*i + 82. Calculate p(-8).
-246
Let x(h) = 24*h - 211. What is x(15)?
149
Let n(t) = -2028*t - 14198. Give n(-7).
-2
Let x(h) = 110*h**2 + 19*h + 19. What is x(-1)?
110
Let o(m) = -2*m + 16. Determine o(2).
12
Let t(q) = -10*q**3 - 2*q**2 - 2*q - 16. Calculate t(-3).
242
Let i(q) = q**3 + 9*q**2 - 31*q - 44. Determine i(-11).
55
Let t(k) = k**3 + 18*k**2 + 55*k + 36. Determine t(-5).
86
Let m(c) = -c**3 + 41*c**2 + 2*c - 19. Give m(41).
63
Let j(w) = 4*w**3 - 45*w**2 + 10*w + 18. Give j(11).
7
Let l(r) = -r**2 + 113*r - 2778. Calculate l(36).
-6
Let t(z) = z**3 - 50*z**2 - 216*z - 110. Give t(54).
-110
Let p(u) = -3*u**3 - 57*u**2 - 56*u - 27. Calculate p(-18).
9
Let x(r) = r**2 + 200*r + 4239. Calculate x(-176).
15
Let n(s) = -1033*s**3 + 4*s**2 - 39*s + 37. What is n(1)?
-1031
Let o(b) = b**2 - 83*b - 350. Give o(-4).
-2
Let x(f) = -4*f**2 + 169*f - 45. Determine x(42).
-3
Let j(h) = -4*h**2 + 3164*h + 15918. Give j(-5).
-2
Let m(q) = 10*q**2 + 20*q - 45. Give m(2).
35
Let n(p) = 2*p - 2. Determine n(-19).
-40
Let k(x) = -2*x**2 - 95*x - 210. Give k(-45).
15
Let j(l) = -l**2 - 365*l - 2143. Determine j(-6).
11
Let p(v) = -3*v**3 - 8*v**2 - 16*v - 4. Determine p(-4).
124
Let m(g) = 691*g + 51141. Determine m(-74).
7
Let r(k) = -k**3 - 44*k**2 + 1827*k + 485. Determine r(-70).
-5
Let c(a) = a**3 + 102*a**2 - 203*a + 481. What is c(-104)?
-39
Let x(f) = 5*f**2 - 3*f - 57. Calculate x(-4).
35
Let c(j) = 6*j**2 - 9*j - 12. Calculate c(5).
93
Let u(s) = -s**3 + 45*s**2 + 57*s - 667. Determine u(46).
-161
Let z(f) = -25*f**2 + 35*f + 180. What is z(-5)?
-620
Let q(a) = 497*a - 1492. Give q(3).
-1
Let n(p) = -9*p**3 - 4*p + 3. Give n(2).
-77
Let t(s) = s**2 + 46*s + 394. Determine t(-35).
9
Let v(g) = g + 18. What is v(3)?
21
Let u(h) = -h - 321. What is u(-31)?
-290
Let d(w) = -2*w**3 - 11*w**2 + 37*w + 189. What is d(-6)?
3
Let z(l) = -l**2 - 477*l + 6370. Calculate z(13).
0
Let z(h) = -15*h**2 - 18*h + 61. Give z(3).
-128
Let w(i) = -i**3 - 146*i**2 + 137*i - 1476. Give w(-147).
-6
Let z(j) = -j**3 - 30*j**2 + 1136*j + 169. Give z(22).
-7
Let t(v) = 3*v**2 + 18*v - 23. Give t(-9).
58
Let c(b) = 22*b + 862. What is c(-34)?
114
Let r(z) = z**3 + 10*z**2 + 30*z + 15. Determine r(-2).
-13
Let j(r) = 3*r**2 + 66*r + 185. Determine j(-3).
14
Let n(j) = -2*j**2 + 25*j - 19. Determine n(9).
44
Let g(s) = 4*s**3 - 7*s**2 - 58*s - 3. Give g(-3).
0
Let m(h) = 36*h + 659. Give m(-18).
11
Let h(s) = -95*s + 3960. What is h(42)?
-30
Let i(w) = w**3 + 36*w**2 + 295*w + 38. What is i(-12)?
-46
Let i(y) = 79*y - 97. What is i(6)?
377
Let h(f) = f**3 + 6*f**2 + 8*f + 17. Calculate h(-5).
2
Let s(p) = -17*p + 231. Calculate s(33).
-330
Let a(l) = 345*l + 1672. Give a(-5).
-53
Let t(r) = -417*r + 81. Give t(0).
81
Let v(k) = -21*k**3 + 2*k**2 - 4*k - 34. Give v(-3).
563
Let c(j) = 318*j + 414. Determine c(-1).
96
Let p(h) = 2*h**2 - 5*h - 229. Give p(0).
-229
Let a(p) = 14*p**3 + 45*p**2 - 40*p - 4. What is a(1)?
15
Let j(d) = -91*d + 73. What is j(1)?
-18
Let q(b) = 5118*b - 30714. Give q(6).
-6
Let i(c) = -c**2 + 8*c + 87. Determine i(10).
67
Let w(k) = k**2 - 4*k - 35. What is w(-10)?
105
Let o(b) = -84*b + 1590. Determine o(19).
-6
Let w(s) = -s**2 + 245*s + 14068. Calculate w(293).
4
Let m(l) = 687*l + 6825. What is m(-10)?
-45
Let o(x) = 19*x + 22. What is o(-5)?
-73
Let o(r) = 2056*r**2 + 6167*r - 3. Calculate o(-3).
0
Let u(d) = d**2 + 59*d - 271. What is u(-64)?
49
Let o(u) = -u**3 + 13*u**2 - 13*u + 72. Give o(12).
60
Let b(z) = z**2 - 158*z + 5579. Calculate b(105).
14
Let s(j) = -4*j**3 + 2*j + 38. Give s(0).
38
Let c(x) = -6*x**2 + 16*x + 152. Determine c(-5).
-78
Let h(o) = -5*o**2 + 48*o + 194. What is h(-4)?
-78
Let a(o) = o**2 - 154*o + 2801. Calculate a(21).
8
Let q(s) = -32*s - 136. Give q(-7).
88
Let o(t) = 165*t + 3643. Give o(-22).
13
Let f(k) = -502*k - 7556. Give f(-15).
-26
Let z(r) = -8*r**2 - 292*r + 148. Give z(-37).
0
Let n(o) = o**3 + o**2 + 14*o - 90. Give n(6).
246
Let j(f) = -36*f - 721. Determine j(-20).
-1
Let y(t) = -13*t**2 - 2*t - 5. What is y(0)?
-5
Let v(i) = 53*i - 1045. Calculate v(20).
15
Let v(l) = -l**3 + 12*l**2 - 73*l + 406. Determine v(9).
-8
Let g(z) = -21*z - 304. Give g(-22).
158
Let o(h) = 35*h + 531. What is o(-15)?
6
Let u(l) = 18833*l + 37661. Calculate u(-2).
-5
Let a(t) = 330*t - 1766. Calculate a(3).
-776
Let u(p) = p**3 + 8*p**2 + 12*p - 10. Calculate u(-3).
-1
Let l(f) = f**2 - 29*f + 55. Calculate l(16).
-153
Let t(m) = m**2 + 13*m - 208. What is t(0)?
-208
Let q(s) = -30*s**3 + 3*s - 2. Calculate q(1).
-29
Let r(p) = -p**3 + 5*p**2 + 10*p. Calculate r(7).
-28
Let o(l) = 17*l - 182. Calculate o(8).
-46
Let j(o) = -8*o + 232. Give j(28).
8
Let w(k) = -101*k**2 - 790*k + 149. What is w(-8)?
5
Let k(a) = -a**2 - 289*a - 4126. Determine k(-15).
-16
Let f(h) = h**3 - 37*h**2 + 268*h + 49. Determine f(27).
-5
Let v(s) = 13*s - 95. Calculate v(7).
-4
Let j(p) = -p**2 + 85*p - 781. Give j(12).
95
Let s(c) = -c**3 + 139*c**2 - 123*c - 2076. Give s(138).
-6
Let y(v) = 416*v + 9132. Calculate y(-22).
-20
Let c(h) = 2*h**3 - 355*h**2 + 529*h - 175. Determine c(176).
1
Let p(y) = -y**2 + 148*y - 1125. What is p(8)?
-5
Let i(z) = -126*z - 2996. Give i(-25).
154
Let v(j) = 2053*j - 18479. Determine v(9).
-2
Let n(z) = -z**3 + 14*z**2 - 21*z - 65. Give n(11).
67
Let o(y) = 2*y**3 - 41*y**2 - 18*y - 33. Calculate o(21).
30
Let j(d) = -147*d + 5156. Determine j(35).
11
Let i(n) = 4*n**3 + 5*n**2 - 20*n - 12. What is i(-4)?
-108
Let o(y) = -327*y - 12068. Determine o(-37).
31
Let o(w) = -39*w**3 - 5*w**2 - 17*w - 34. Calculate o(-2).
292
Let u(h) = h**3 - 19*h**2 + 78*h - 5. Give u(12).
-77
Let a(s) = -4384*s + 153437. What is a(35)?
-3
Let b(u) = u**3 - 2*u**2 - u + 26. Give b(-5).
-144
Let p(t) = 2*t**3 + 56*t**2 + 109*t - 64. Calculate p(-26).
-194
Let p(b) = -b**2 - 2*b + 88. What is p(-9)?
25
Let k(l) = -2*l**2 + 43*l - 203. Determine k(9).
22
Let d(h) = 2*h**2 + 36*h + 171. Determine d(-11).
17
Let j(a) = 4105*a - 57474. What is j(14)?
-4
Let c(f) = -f**2 - 19*f + 37. Determine c(-22).
-29
Let s(l) = l**3 + 28*l**2 - 47. Give s(-28).
-47
Let p(q) = 4*q**2 - 246*q + 121. Calculate p(60).
-239
Let v(o) = 4*o**2 + 26*o + 2. Give v(-5).
-28
Let g(c) = -11*c**3 - 91*c**2 - 19*c + 30. Give g(-8).
-10
Let o(j) = 2*j**3 + 2*j**2 + 15*j + 12. What is o(-4)?
-144
Let f(q) = q**2 + 27*q - 17. Give f(-9).
-179
Let n(q) = -59*q**2 + 255*q + 506. Calculate n(-2).
-240
Let k(f) = -181*f - 904. What is k(-6)?
182
Let f(t) = 41*t**2 - 2544*t + 129. Calculate f(62).
5
Let o(n) = 1221*n - 9762. Determine o(8).
6
Let y(b) = -129*b - 494. What is y(-6)?
280
Let z(p) = -276*p - 1520. What is z(-5)?
-140
Let m(f) = -339*f + 3167. Give m(9).
116
Let m(q) = 4*q**2 - 42*q + 111. What is m(6)?
3
Let w(u) = -u**3 + 16*u**2 + 1144*u - 14310. What is 